remainder when 735 is divided by 138.
45
Calculate the remainder when 18538 is divided by 180.
178
Calculate the remainder when 31209 is divided by 102.
99
What is the remainder when 46 is divided by 38?
8
What is the remainder when 1435 is divided by 80?
75
Calculate the remainder when 286 is divided by 41.
40
What is the remainder when 414 is divided by 81?
9
What is the remainder when 53 is divided by 7?
4
What is the remainder when 254 is divided by 77?
23
What is the remainder when 903 is divided by 150?
3
Calculate the remainder when 7064 is divided by 45.
44
Calculate the remainder when 9876 is divided by 190.
186
What is the remainder when 14907 is divided by 213?
210
Calculate the remainder when 1215 is divided by 11.
5
Calculate the remainder when 285 is divided by 50.
35
Calculate the remainder when 451 is divided by 19.
14
Calculate the remainder when 314 is divided by 21.
20
Calculate the remainder when 128 is divided by 10.
8
What is the remainder when 42 is divided by 22?
20
Calculate the remainder when 6549 is divided by 226.
221
What is the remainder when 131 is divided by 63?
5
What is the remainder when 696 is divided by 9?
3
Calculate the remainder when 107 is divided by 10.
7
Calculate the remainder when 388 is divided by 26.
24
What is the remainder when 101 is divided by 62?
39
Calculate the remainder when 1515 is divided by 109.
98
Calculate the remainder when 501 is divided by 123.
9
What is the remainder when 182 is divided by 4?
2
Calculate the remainder when 93 is divided by 79.
14
Calculate the remainder when 342 is divided by 43.
41
What is the remainder when 410 is divided by 59?
56
Calculate the remainder when 167 is divided by 142.
25
What is the remainder when 84 is divided by 2?
0
Calculate the remainder when 1256 is divided by 35.
31
What is the remainder when 536 is divided by 157?
65
What is the remainder when 1623 is divided by 125?
123
Calculate the remainder when 760 is divided by 38.
0
What is the remainder when 465 is divided by 18?
15
What is the remainder when 5693 is divided by 73?
72
Calculate the remainder when 2939 is divided by 42.
41
Calculate the remainder when 338 is divided by 31.
28
Calculate the remainder when 321 is divided by 44.
13
What is the remainder when 252 is divided by 246?
6
Calculate the remainder when 199 is divided by 42.
31
What is the remainder when 801 is divided by 112?
17
Calculate the remainder when 5417 is divided by 271.
268
What is the remainder when 2292 is divided by 75?
42
Calculate the remainder when 941 is divided by 54.
23
What is the remainder when 1119 is divided by 128?
95
Calculate the remainder when 182 is divided by 39.
26
What is the remainder when 472 is divided by 6?
4
What is the remainder when 12624 is divided by 23?
20
What is the remainder when 224 is divided by 27?
8
Calculate the remainder when 290 is divided by 42.
38
Calculate the remainder when 75 is divided by 29.
17
What is the remainder when 1508 is divided by 218?
200
What is the remainder when 72 is divided by 40?
32
Calculate the remainder when 1034 is divided by 130.
124
Calculate the remainder when 2950 is divided by 72.
70
What is the remainder when 294 is divided by 33?
30
Calculate the remainder when 10935 is divided by 30.
15
Calculate the remainder when 4494 is divided by 30.
24
Calculate the remainder when 888 is divided by 33.
30
Calculate the remainder when 575 is divided by 64.
63
Calculate the remainder when 33 is divided by 13.
7
What is the remainder when 198 is divided by 78?
42
What is the remainder when 310 is divided by 55?
35
Calculate the remainder when 1166 is divided by 130.
126
What is the remainder when 432 is divided by 222?
210
What is the remainder when 2220 is divided by 19?
16
What is the remainder when 1618 is divided by 12?
10
What is the remainder when 215 is divided by 56?
47
Calculate the remainder when 1092 is divided by 23.
11
What is the remainder when 175 is divided by 65?
45
What is the remainder when 285 is divided by 36?
33
Calculate the remainder when 586 is divided by 231.
124
Calculate the remainder when 9 is divided by 8.
1
Calculate the remainder when 85749 is divided by 36.
33
What is the remainder when 1091 is divided by 91?
90
Calculate the remainder when 1774 is divided by 74.
72
What is the remainder when 329 is divided by 83?
80
Calculate the remainder when 1645 is divided by 150.
145
Calculate the remainder when 3331 is divided by 48.
19
What is the remainder when 301 is divided by 68?
29
What is the remainder when 4039 is divided by 17?
10
Calculate the remainder when 139 is divided by 14.
13
Calculate the remainder when 774 is divided by 25.
24
Calculate the remainder when 556 is divided by 11.
6
Calculate the remainder when 148 is divided by 73.
2
What is the remainder when 441 is divided by 206?
29
What is the remainder when 33 is divided by 10?
3
What is the remainder when 33 is divided by 17?
16
Calculate the remainder when 335 is divided by 71.
51
What is the remainder when 623 is divided by 12?
11
What is the remainder when 108 is divided by 26?
4
What is the remainder when 1229 is divided by 220?
129
Calculate the remainder when 161 is divided by 55.
51
What is the remainder when 419 is divided by 9?
5
What is the remainder when 4151 is divided by 231?
224
What is the remainder when 1018 is divided by 51?
49
What is the remainder when 86 is divided by 1?
0
What is the remainder when 4483 is divided by 38?
37
Calculate the remainder when 88 is divided by 19.
12
Calculate the remainder when 2256 is divided by 42.
30
What is the remainder when 109 is divided by 57?
52
Calculate the remainder when 141 is divided by 21.
15
Calculate the remainder when 38 is divided by 19.
0
Calculate the remainder when 10 is divided by 2.
0
What is the remainder when 160 is divided by 25?
10
What is the remainder when 97 is divided by 25?
22
Calculate the remainder when 573 is divided by 64.
61
Calculate the remainder when 27611 is divided by 234.
233
What is the remainder when 1354 is divided by 23?
20
What is the remainder when 699 is divided by 36?
15
Calculate the remainder when 483 is divided by 22.
21
Calculate the remainder when 106 is divided by 21.
1
What is the remainder when 1200 is divided by 240?
0
What is the remainder when 47 is divided by 47?
0
What is the remainder when 220 is divided by 65?
25
Calculate the remainder when 211 is divided by 75.
61
Calculate the remainder when 1484 is divided by 27.
26
Calculate the remainder when 2895 is divided by 223.
219
What is the remainder when 1231 is divided by 410?
1
Calculate the remainder when 122 is divided by 43.
36
What is the remainder when 803 is divided by 35?
33
Calculate the remainder when 117 is divided by 97.
20
What is the remainder when 158 is divided by 76?
6
What is the remainder when 1890 is divided by 82?
4
What is the remainder when 414 is divided by 126?
36
What is the remainder when 366 is divided by 38?
24
What is the remainder when 3934 is divided by 1953?
28
Calculate the remainder when 694 is divided by 29.
27
Calculate the remainder when 444 is divided by 310.
134
Calculate the remainder when 1663 is divided by 49.
46
Calculate the remainder when 207 is divided by 30.
27
What is the remainder when 686 is divided by 96?
14
What is the remainder when 2846 is divided by 95?
91
Calculate the remainder when 156 is divided by 30.
6
Calculate the remainder when 195 is divided by 8.
3
Calculate the remainder when 31 is divided by 24.
7
What is the remainder when 67 is divided by 39?
28
What is the remainder when 764 is divided by 380?
4
What is the remainder when 135 is divided by 17?
16
Calculate the remainder when 138 is divided by 80.
58
What is the remainder when 283 is divided by 62?
35
Calculate the remainder when 274 is divided by 36.
22
Calculate the remainder when 315 is divided by 54.
45
What is the remainder when 117 is divided by 36?
9
Calculate the remainder when 1459 is divided by 19.
15
What is the remainder when 25 is divided by 11?
3
What is the remainder when 35097 is divided by 23?
22
Calculate the remainder when 234 is divided by 74.
12
Calculate the remainder when 102 is divided by 13.
11
Calculate the remainder when 908 is divided by 40.
28
Wha